t the prime factors of 68.
2, 17
What are the prime factors of 2253?
3, 751
List the prime factors of 3293.
37, 89
What are the prime factors of 477?
3, 53
What are the prime factors of 12160?
2, 5, 19
List the prime factors of 136.
2, 17
What are the prime factors of 19638?
2, 3, 1091
What are the prime factors of 5446?
2, 7, 389
List the prime factors of 49643.
11, 4513
What are the prime factors of 14486?
2, 7243
List the prime factors of 741.
3, 13, 19
What are the prime factors of 618?
2, 3, 103
List the prime factors of 55765.
5, 19, 587
List the prime factors of 13580.
2, 5, 7, 97
List the prime factors of 1312.
2, 41
What are the prime factors of 192?
2, 3
List the prime factors of 171.
3, 19
What are the prime factors of 13932?
2, 3, 43
What are the prime factors of 13044?
2, 3, 1087
What are the prime factors of 6081?
3, 2027
List the prime factors of 23078.
2, 11, 1049
List the prime factors of 793.
13, 61
What are the prime factors of 2685?
3, 5, 179
List the prime factors of 142547.
142547
What are the prime factors of 5562?
2, 3, 103
List the prime factors of 3160.
2, 5, 79
What are the prime factors of 255?
3, 5, 17
List the prime factors of 4279.
11, 389
What are the prime factors of 4616?
2, 577
List the prime factors of 3973.
29, 137
What are the prime factors of 49692?
2, 3, 41, 101
What are the prime factors of 13029?
3, 43, 101
What are the prime factors of 1937?
13, 149
What are the prime factors of 623?
7, 89
What are the prime factors of 1777?
1777
List the prime factors of 1522.
2, 761
What are the prime factors of 29800?
2, 5, 149
List the prime factors of 7820.
2, 5, 17, 23
List the prime factors of 1733.
1733
What are the prime factors of 241?
241
What are the prime factors of 24421?
24421
What are the prime factors of 5677?
7, 811
What are the prime factors of 25242?
2, 3, 7, 601
What are the prime factors of 36303?
3, 12101
What are the prime factors of 671?
11, 61
List the prime factors of 6777.
3, 251
What are the prime factors of 3843?
3, 7, 61
List the prime factors of 50075.
5, 2003
List the prime factors of 109056.
2, 3, 71
What are the prime factors of 23883?
3, 19, 419
What are the prime factors of 165016?
2, 20627
What are the prime factors of 2235?
3, 5, 149
List the prime factors of 16043.
61, 263
List the prime factors of 1060.
2, 5, 53
List the prime factors of 1321.
1321
What are the prime factors of 1201?
1201
List the prime factors of 67148.
2, 16787
List the prime factors of 2849.
7, 11, 37
List the prime factors of 1916.
2, 479
What are the prime factors of 6488?
2, 811
List the prime factors of 241.
241
What are the prime factors of 4038?
2, 3, 673
List the prime factors of 5557.
5557
List the prime factors of 32365.
5, 6473
What are the prime factors of 1244?
2, 311
List the prime factors of 19842.
2, 3, 3307
List the prime factors of 2720.
2, 5, 17
What are the prime factors of 29393?
7, 13, 17, 19
List the prime factors of 29607.
3, 71, 139
List the prime factors of 975.
3, 5, 13
What are the prime factors of 11842?
2, 31, 191
What are the prime factors of 86208?
2, 3, 449
List the prime factors of 6824.
2, 853
What are the prime factors of 2274?
2, 3, 379
What are the prime factors of 15457?
13, 29, 41
List the prime factors of 3498.
2, 3, 11, 53
List the prime factors of 2516.
2, 17, 37
List the prime factors of 601.
601
List the prime factors of 96.
2, 3
List the prime factors of 47882.
2, 89, 269
What are the prime factors of 133640?
2, 5, 13, 257
What are the prime factors of 839?
839
What are the prime factors of 5734?
2, 47, 61
What are the prime factors of 4413?
3, 1471
List the prime factors of 67183.
23, 127
What are the prime factors of 892?
2, 223
List the prime factors of 119742.
2, 3, 7, 2851
List the prime factors of 96.
2, 3
What are the prime factors of 1796?
2, 449
What are the prime factors of 1375?
5, 11
List the prime factors of 1136.
2, 71
List the prime factors of 31461.
3, 10487
List the prime factors of 2738.
2, 37
List the prime factors of 1732.
2, 433
What are the prime factors of 5897?
5897
List the prime factors of 1011.
3, 337
What are the prime factors of 15260?
2, 5, 7, 109
List the prime factors of 4621.
4621
What are the prime factors of 20182?
2, 10091
List the prime factors of 34402.
2, 103, 167
List the prime factors of 4261.
4261
List the prime factors of 46982.
2, 13, 139
What are the prime factors of 696?
2, 3, 29
What are the prime factors of 2650?
2, 5, 53
What are the prime factors of 37064?
2, 41, 113
List the prime factors of 832.
2, 13
List the prime factors of 20513.
73, 281
What are the prime factors of 422?
2, 211
List the prime factors of 1579.
1579
List the prime factors of 69467.
69467
List the prime factors of 1563.
3, 521
List the prime factors of 10022.
2, 5011
What are the prime factors of 7865?
5, 11, 13
List the prime factors of 6703.
6703
What are the prime factors of 4841?
47, 103
List the prime factors of 33708.
2, 3, 53
List the prime factors of 3485.
5, 17, 41
What are the prime factors of 117?
3, 13
List the prime factors of 6273.
3, 17, 41
List the prime factors of 2769.
3, 13, 71
What are the prime factors of 5268?
2, 3, 439
What are the prime factors of 98?
2, 7
What are the prime factors of 136263?
3, 53, 857
What are the prime factors of 143240?
2, 5, 3581
What are the prime factors of 2782?
2, 13, 107
What are the prime factors of 863?
863
List the prime factors of 16406.
2, 13, 631
List the prime factors of 10340.
2, 5, 11, 47
What are the prime factors of 26627?
26627
List the prime factors of 10704.
2, 3, 223
What are the prime factors of 14611?
19, 769
What are the prime factors of 1042?
2, 521
List the prime factors of 5024.
2, 157
What are the prime factors of 97863?
3, 32621
List the prime factors of 99929.
99929
List the prime factors of 16265.
5, 3253
What are the prime factors of 24288?
2, 3, 11, 23
What are the prime factors of 7809?
3, 19, 137
What are the prime factors of 6514?
2, 3257
List the prime factors of 6788.
2, 1697
What are the prime factors of 2247?
3, 7, 107
List the prime factors of 2953.
2953
List the prime factors of 14420.
2, 5, 7, 103
List the prime factors of 4482.
2, 3, 83
What are the prime factors of 12267?
3, 29, 47
What are the prime factors of 76919?
76919
What are the prime factors of 1228?
2, 307
What are the prime factors of 5876?
2, 13, 113
What are the prime factors of 3191?
3191
List the prime factors of 3904.
2, 61
List the prime factors of 56963.
56963
List the prime factors of 597.
3, 199
What are the prime factors of 43021?
11, 3911
What are the prime factors of 3662?
2, 1831
List the prime factors of 5421.
3, 13, 139
List the prime factors of 2510.
2, 5, 251
What are the prime factors of 1821?
3, 607
List the prime factors of 34532.
2, 89, 97
List the prime factors of 5719.
7, 19, 43
List the prime factors of 12022.
2, 6011
List the prime factors of 2032.
2, 127
What are the prime factors of 2385?
3, 5, 53
What are the prime factors of 14372?
2, 3593
List the prime factors of 78433.
41, 1913
List the prime factors of 219.
3, 73
What are the prime factors of 63460?
2, 5, 19, 167
What are the prime factors of 662?
2, 331
List the prime factors of 3520.
2, 5, 11
What are the prime factors of 82739?
17, 31, 157
List the prime factors of 1225.
5, 7
List the prime factors of 33085.
5, 13, 509
List the prime factors of 637.
7, 13
What are the prime factors of 2259?
3, 251
List the prime factors of 10335.
3, 5, 13, 53
List the prime factors of 38688.
2, 3, 13, 31
List the prime factors of 124.
2, 31
List the prime factors of 102165.
3, 5, 7, 139
List the prime factors of 132133.
229, 577
List the prime factors of 7838.
2, 3919
List the prime factors of 33727.
29, 1163
What are the prime factors of 59862?
2, 3, 11, 907
List the prime factors of 88918.
2, 23, 1933
List the prime factors of 4984.
2, 7, 89
What are the prime factors of 566?
2, 283
List the prime factors of 1124.
2, 281
List the prime factors of 4110.
2, 3, 5, 137
List the prime factors of 27246.
2, 3, 19, 239
List the prime factors of 1517.
37, 41
List the prime factors of 661.
661
List the prime factors of 6369.
3, 11, 193
List the prime factors of 41366.
2, 13, 37, 43
List the prime factors of 1856.
2, 29
List the 